 2))) + 3
-1
What is -4 - (-3 + -7 + 2 + 9)?
-5
Evaluate (11 - 6 - 1) + -3.
1
Evaluate -6 + -9 + 5 + 8 + -3.
-5
What is the value of (31 - 27) + -12 + (2 - 0)?
-6
Evaluate (2 - 3) + (2 - -4).
5
What is 4 - (3 + 7 + -4)?
-2
What is 0 + 5 + 9 + -15 + 4?
3
Evaluate (8 - -1 - 12) + 8.
5
Evaluate -3 + -1 + (-9 + 4 - -9).
0
-2 + (1 - (-3 + -2))
4
What is 2 + 4 + -3 + -2?
1
What is 2 + 4 + -39 + 25 + 8?
0
What is (2 - -4) + (-10 - -9)?
5
1 + -4 + 9 + 0 + -2
4
Evaluate -10 + (0 - (3 + -5 - 3)).
-5
What is 0 - -4 - (-12 + 16)?
0
-1 + 6 - (-10 + 10 - -8)
-3
What is 3 - (-3 - 0 - -5 - -2)?
-1
Calculate 5 - ((4 - 3) + -1) - 9.
-4
Evaluate 4 - ((-4 - -2) + 5).
1
Evaluate -3 + (11 - (3 - -3) - 2).
0
Calculate (-1 - 11) + 10 - -9.
7
Evaluate 61 - 53 - (6 + 1).
1
12 + -6 + 0 + 0
6
Evaluate -3 - ((-4 - -1) + -3).
3
Calculate (-115 - -108) + -3 + 1 + 1.
-8
What is (-1 - 1) + 9 + (-4 - 0)?
3
Calculate -1 + 6 + 1 + -6.
0
What is the value of 0 - (-4 + -1 - (-14 - -12))?
3
What is the value of 3 - (0 - -9 - 5)?
-1
Calculate (9 - 3) + -12 - -4.
-2
What is -6 + (1 - -11 - 9)?
-3
(-54 - -46) + (5 - (0 + 0))
-3
Evaluate (21 - 12) + (-5 - (0 + 1)).
3
Evaluate (-1 - 3) + (6 - (-2 + 1)).
3
What is the value of 3 - (10 + -8 + 3 - 1)?
-1
1 - (-2 + (-4 - -8 - 0))
-1
-4 + (-1 - (0 + 2) - -4)
-3
What is the value of 1 + (4 + 2 - 8)?
-1
Calculate 2 - (-6 + 4 + 0) - 8.
-4
Calculate 12 - ((4 + 20 - 7) + -8).
3
Evaluate (-9 - -4) + 3 + -2.
-4
What is 9 - (13 - 27 - -24)?
-1
What is the value of (2 + -12 - -5) + 1 + 0?
-4
Evaluate (4 + -10 - -1) + 3.
-2
5 - (4 - (-2 - -3)) - -1
3
(19 - 15 - (5 + -1)) + 4
4
What is (7 + -9 - -4) + (1 - 1)?
2
3 - (3 + 5 + -8)
3
What is -4 + 2 + 3 + 4?
5
Evaluate (-5 - -2) + (2 - -1).
0
-6 + (0 - (-7 - 2))
3
Calculate 4 + (19 - 24) + (-1 - 1).
-3
What is the value of -4 - 3 - ((-12 - -6) + 2)?
-3
-4 - (-1 - (-4 + 9) - 6)
8
Evaluate (-5 - (-7 - -3) - -3) + -6.
-4
Calculate 0 + (-5 - -2) + 9 + -2.
4
What is the value of 8 + 2 + (-3 - -2) - 4?
5
What is the value of 4 - 3 - 1 - -2?
2
What is the value of -2 + 3 - (2 + 0 + -1)?
0
1 + (-4 - -1) - (-8 + 5)
1
What is the value of (-1 - (5 + -3 - 5)) + -6?
-4
What is (4 - (0 - 3 - -3)) + 0?
4
What is the value of (2 - 0) + 11 + -9?
4
Calculate (-4 - -8) + -2 + 2.
4
What is the value of 1 + -10 + (9 - -7)?
7
-17 + 19 - (1 + 5)
-4
-6 + (8 - 2 - (-4 + 7))
-3
Evaluate 25 - 22 - (4 - 0).
-1
4 - ((-2 - -9) + 4) - -5
-2
What is the value of -15 + 3 + (3 + -6 - -8)?
-7
What is the value of 3 - (6 - -1) - (-1 - 10)?
7
What is the value of -7 - -10 - (-1 + 0)?
4
What is 7 + -12 + (6 - -2)?
3
Evaluate 9 + -13 + -2 - (0 - 0).
-6
Calculate 4 + 2 + 7 + -8 - 9.
-4
Calculate -3 + (3 - -2) + 1 - 5.
-2
What is 10 + 0 - (2 - 0) - 13?
-5
Calculate 20 - 14 - (15 - 4).
-5
What is the value of 0 + -2 + (9 - (2 - -3))?
2
What is 1 + -2 + 3 + -7 + 9?
4
Evaluate -2 - (-2 - 1) - -2.
3
Evaluate -5 - (-8 - (10 - 18)).
-5
Calculate 1 + (8 + -7 - 3).
-1
What is the value of 3 - (-2 + (4 - 6) + 4)?
3
Calculate (-95 - -112) + (-14 - -1).
4
What is -1 + (-2 - 2) - (8 - 10)?
-3
Evaluate 3 + 2 + (-4 - -2 - 6).
-3
Evaluate (28 + -11 - 13) + -13.
-9
What is 7 - (11 + (6 - 13) - -3)?
0
Calculate (5 - (1 + 4)) + 2 - -4.
6
6 - (6 - ((-2 - -2) + -5))
-5
What is the value of 1 - ((-5 - -4 - -1) + 4)?
-3
What is the value of -3 + 0 + 1 + 694 + -688?
4
What is the value of 0 + (-5 - -8) + -4?
-1
What is the value of -1 - 7 - (-19 + 5)?
6
What is the value of (2 - 2) + 0 + -5 + 0?
-5
What is the value of (1 + -4 + -3 - -4) + -3?
-5
Calculate 7 + (-7 - 4) + -4.
-8
Evaluate -3 - -2 - (11 - 6).
-6
What is the value of 1 - 0 - (12 + -8)?
-3
0 - -3 - (-30 + 26)
7
What is the value of 4 + (-4 - (0 - 3))?
3
Calculate 33 + -28 - (1 - -2).
2
What is the value of (1 - 2) + 2 + -3?
-2
What is the value of -10 + (9 - -1) + 5?
5
Evaluate 3 + -5 + 7 - (3 - -3).
-1
Calculate 5 - -2 - 6 - -3.
4
Evaluate 0 - -1 - 3 - (-38 - -38).
-2
What is the value of (-10 - 1) + 12 + -5?
-4
Evaluate 5 + (7 - 8) - (1 + -2).
5
Evaluate 20 + -14 + (0 - 1).
5
0 + (-2 - -2) + -2
-2
What is the value of 5 + -2 + 2 + -10?
-5
-1 - ((0 - 3) + 0 + 3)
-1
What is the value of (0 - 2) + 11 + -4 + 0?
5
(-1 - 3) + (-8 - -11)
-1
6 - ((4 - 1) + 5) - -6
4
Calculate 2 - ((8 - 4) + -1) - 1.
-2
What is the value of (-6 - -6) + (-6 - (-6 - -4))?
-4
What is the value of 0 + -4 + (0 - (4 - 9))?
1
What is -8 - (-5 + -3 - -4)?
-4
Evaluate -6 - ((-6 - 4 - -4) + 7).
-7
Calculate (-10 - -11 - (1 - 2)) + -7.
-5
-6 + 3 + 5 - 4
-2
(5 - 5) + 11 + -17
-6
Evaluate 4 + 2 + -6 - (5 + 0).
-5
What is the value of (-1 - -1 - 2) + -2 + 1?
-3
Evaluate 0 - 2 - (1 - (2 - 0)).
-1
What is the value of (-1 - (3 - 11)) + -1?
6
Calculate -4 + (-1 - (4 + -5) - 0).
-4
-3 + -3 + 0 + 3
-3
(-2 - 2) + (-5 - -10) - 9
-8
What is 2 + (6 - 3) + (2 - 3)?
4
What is the value of -4 + 13 + -4 + -5 + 3?
3
-10 - 3 - (-21 - 1)
9
Calculate 13 - ((-5 - -7) + 14).
-3
-4 + -9 + 14 - 12
-11
What is the value of 7 - -6 - 7 - (-3 - -8)?
1
What is (-12 - -17) + (1 + -2 - -4)?
8
What is -2 + -8 + 12 + (-1 - -3)?
4
Calculate 14 - (12 + 4) - (-5 + -1).
4
What is (-2 - 2) + -5 + 11 - 0?
2
Evaluate -5 + (1 + (0 - 0) - -1).
-3
What is (-7 - (-4 + 12)) + 10?
-5
What is the value of 5 - (6 - 5) - (2 - 2)?
4
What is the value of 6 - (-5 - -7) - (-1 + 1)?
4
Evaluate -6 + 11 + -12 - (-2 + 4).
-9
What is 3 + -6 + -2 + -1?
-6
1 + 22 + -33 + 19
9
What is -11 - (-4 + -2) - 2 - -13?
6
4 + 1 + -7 + 8 + -1
5
6 + -10 + 3 + (-1 - 4)
-6
Calculate 6 + -11 - -8 - 0 - 5.
-2
What is the value of (0 - (6 - 12)) + -8 + 2?
0
Evaluate 4 + (-1 - (-7 + 5 + 3)).
2
Evaluate -61 + 62 + -2 + 1.
0
Evaluate (-3 - -6) + -6 + 2.
-1
Calculate -7 - (-3 - (-1 - 2 - -3)).
-4
-4 + 6 + -4 + (-3 - 0)
-5
Evaluate -15 + (10 - 17) + 11.
-11
Calculate -8 + -1 + 6 + -7 + 0.
-10
What is -3 + -1 + 7 - (0 - -7)?
-4
What is 9 - (6 + 2 + -8 + 3)?
6
Evaluate -1 - 2 - (2 - 7).
2
-2 + 1 + (-13 - -13)
-1
Calculate -11 + 4 + 9 - (-1 + 8).
-5
1 + -1 - (-30 + 30)
0
9 + -21 + (12 - 0)
0
What is (4 - (5 + -5) - -2) + -10?
-4
Calculate (1 - (-10 + 1)) + -4.
6
Calculate -1 + -3 + 3 + 4.
3
-2 + 6 + -1 + -41 + 33
-5
What is (0 - -7) + (9 + -10 - 9)?
-3
Evaluate -4 + (4 - (-2 - -5)).
-3
What is -1 - (-3 - 4) - 15 - -2?
-7
What is 39 + -46 - (-1 + -10)?
4
Calculate -3 + 1 - (2 + -2).
-2
1 + -2 + 2 + (-7 - -6)
0
-3 - 0 - (50 - 57)
4
Calculate (-11 - 1) + (81 - 77) + 6.
-2
(0 - 4) + -1 + 10
5
Evaluate (16 - (-11 - -17)) + -4.
6
What is the value of 1 - (5 + 7) - -6?
-5
Evaluate 60 - 53 - (1 - 0).
6
What is (-2 + 5 - 12) + 4?
-5
What is the value of (-8 - -13) + -1 + 1?
5
What is the value of (-2 - -7) + (-4 - (-4 - -2))?
3
(2 - (7 - 1)) + -1
-5
(14 + -15 - (-2 - -4)) + 10
7
-2 + -8 + -11 + 15
-6
What is 7 + -3 + -11 + 3?
-4
13 + (-5 - (9 + -5 - 0))
4
Calculate 2 + -2 + -16 - (9 + -18).
-7
What is the value of -3 + (-6 - -7) + 10?
8
What is the value of 4 + -1 + -4 + -1?
-2
5 + 0 + -1 - 3 - -3
4
What is -3 + 6 + -4 + 3 - 1?
1
Calculate -2 + 2 - (-2 - (-2 - -1)).
1
-2 + -1 + (0 - 2)
-5
Evaluate 5 - 13 - (-2 + -1).
-5
Evaluate (7 - (-7 + -1 + 7)) + -2.
6
What is the value of -5 - (3 + 1 - 7) - 0?
-2
Calculate -5 + 0 + -7 + 10.
-2
Calculate -3 + 7 - (3 - -3).
-2
Evaluate -1 - (-1 - (-7 - -7) - 0).
0
What is -5 - (-6 + 24 + -14)?
-9
Calculate (-8 - (-1 + 2)) + 3.
-6
What is the value of (-2 - -6) + (14 - 0 - 12)?
6
5 + -4 + 6 + -5
2
Evaluate 9 + -3 + -10 + 8 + 5.
9
What is the value of -5 + 10 - -4 - 6?
3
What is 7 + -1 - (13 + 4 - 2)?
-9
Calculate 4 + -22 - -4 - -3.
-11
What is the value of -5 + (-3 + 2 - (-10 - -3))?
1
Evaluate -1 + 11 - (24 + -22).
8
What is the value of (4 - (-9 + 5)) + -6?
2
-56 + 49 - ((-4 - 1) + 0)
-2
What is 0 + 0 - (-140 - -147)?
-7
Evaluate (17 - 4) + -9 + -11.
-7
What is (2 - -2) + 8 + -10 + -3?
-1
What is the value of -4 + -2 + 16 + -7?
3
Evaluate -2 - (0 + -11 + 2 + 4).
3
What is the value of 0 + (8 - 5) + 4 - 2?
5
Calculate (5 - (2 - -6) - -1) + 0.
-2
Evaluate -4 + 3 - (-13 + 19).
-7
(-147 - -145) + (0 + 0 - -4)
2
What is the value of -6 + 7 - (-7 + 3)?
5
Evaluate 15 - (-11 + 6 - -16).
4
What is the value of -1 - (15 + -19) - (6 + -1)?
-2
-2 - (1 - 9 - 0)
6
Calculate (-2 - 3) + 4 + 0 + -2.
-3
What is 1 - (-4 + (10 - (-4 + 7)))?
-2
Calculate (19 - 11) + -2 + 1.
7
Calculate 5 + -5 + 6 + -4.
2
Calcul